1
What is the greatest common divisor of 23160 and 960?
120
What is the highest common divisor of 558667 and 2654?
1327
Calculate the highest common factor of 20 and 2395.
5
Calculate the greatest common divisor of 28137 and 3486.
249
What is the highest common divisor of 66 and 31790?
22
Calculate the greatest common factor of 1365 and 1248.
39
Calculate the greatest common divisor of 1868142 and 24141.
1857
What is the highest common factor of 4828 and 68?
68
Calculate the greatest common factor of 3706 and 5995.
109
What is the highest common divisor of 612 and 675?
9
What is the highest common divisor of 917 and 8122?
131
Calculate the greatest common factor of 48025 and 40.
5
Calculate the greatest common factor of 84 and 12312.
12
Calculate the greatest common factor of 135 and 199179.
27
Calculate the highest common divisor of 39726 and 306.
18
What is the greatest common factor of 41430 and 80?
10
Calculate the greatest common factor of 464 and 8176.
16
Calculate the greatest common divisor of 339678 and 7458.
678
What is the greatest common factor of 371 and 40439?
371
What is the highest common divisor of 889 and 63373?
127
What is the greatest common divisor of 232 and 992554?
58
What is the greatest common divisor of 1523 and 43?
1
Calculate the greatest common divisor of 51424 and 256.
32
What is the greatest common factor of 138 and 1565840?
46
What is the greatest common factor of 450 and 91170?
90
What is the greatest common factor of 2659169 and 1915?
383
What is the highest common factor of 46488 and 117?
39
Calculate the highest common divisor of 637 and 4537.
13
What is the highest common divisor of 42 and 118601?
7
Calculate the highest common divisor of 4765784 and 1357.
1357
What is the greatest common factor of 2107 and 2666?
43
What is the highest common factor of 328 and 34?
2
Calculate the highest common factor of 129 and 4472172.
129
What is the highest common factor of 325 and 3653?
13
What is the highest common divisor of 32488 and 248?
248
What is the greatest common divisor of 1572 and 376494?
786
What is the greatest common factor of 1764 and 924?
84
What is the greatest common divisor of 396 and 20889?
99
What is the greatest common divisor of 744880 and 240?
80
What is the greatest common divisor of 50382 and 108?
54
What is the greatest common factor of 96556 and 404?
404
Calculate the greatest common factor of 4 and 34052.
4
Calculate the greatest common divisor of 52750 and 10.
10
What is the greatest common divisor of 678 and 11?
1
What is the highest common divisor of 664 and 25856?
8
What is the greatest common divisor of 24058980 and 99?
99
Calculate the highest common divisor of 176 and 14928.
16
Calculate the highest common divisor of 98069 and 6463.
281
What is the greatest common factor of 1776 and 20319216?
1776
What is the highest common factor of 121 and 4961?
121
What is the highest common divisor of 172306 and 6868?
202
Calculate the greatest common divisor of 585918 and 172.
86
Calculate the greatest common factor of 747320 and 35.
35
What is the greatest common divisor of 453 and 24764?
151
What is the greatest common factor of 16605 and 5166?
369
What is the greatest common divisor of 80 and 2140?
20
What is the highest common divisor of 9072 and 6512?
16
Calculate the highest common factor of 303240 and 420.
420
What is the greatest common divisor of 8 and 1056376?
8
Calculate the greatest common divisor of 32820 and 5.
5
What is the highest common factor of 1263 and 550247?
421
What is the highest common divisor of 946745 and 5?
5
Calculate the highest common divisor of 1149301 and 581.
83
What is the greatest common factor of 26628 and 2162574?
1902
What is the greatest common divisor of 333 and 2396268?
333
What is the greatest common divisor of 790 and 395?
395
Calculate the greatest common factor of 774 and 3396.
6
What is the greatest common divisor of 99 and 134937?
99
What is the greatest common divisor of 21816 and 2828?
404
Calculate the greatest common factor of 104 and 159224.
104
Calculate the highest common factor of 199 and 692719.
199
What is the greatest common factor of 316645 and 1660?
415
Calculate the greatest common factor of 40 and 226070.
10
What is the highest common divisor of 65597 and 777?
7
What is the highest common divisor of 55 and 828586?
11
What is the greatest common factor of 93221 and 73?
73
Calculate the greatest common factor of 174708 and 8418.
138
Calculate the highest common factor of 598 and 4961606.
598
What is the highest common divisor of 2529 and 1230780?
843
What is the greatest common divisor of 20 and 278470?
10
Calculate the highest common divisor of 366 and 154635.
183
Calculate the greatest common factor of 11150 and 12275.
25
Calculate the highest common divisor of 16594387 and 733.
733
What is the greatest common factor of 11568 and 1968?
48
Calculate the highest common factor of 61433 and 23.
23
What is the greatest common factor of 154531 and 2?
1
What is the greatest common divisor of 69 and 782?
23
What is the highest common divisor of 17577 and 1512?
189
What is the greatest common divisor of 19921 and 11?
11
Calculate the greatest common factor of 24 and 220956.
12
Calculate the highest common factor of 106 and 620948.
106
Calculate the greatest common factor of 165 and 797005.
55
What is the greatest common factor of 1749692 and 2260?
452
What is the greatest common factor of 19247 and 14383?
19
What is the highest common divisor of 528887 and 85?
17
Calculate the highest common divisor of 42 and 675654.
42
What is the highest common factor of 55 and 22594?
11
Calculate the greatest common divisor of 146532 and 12.
12
What is the greatest common factor of 136 and 123794?
34
Calculate the greatest common factor of 225 and 1313600.
25
Calculate the greatest common factor of 720 and 1911120.
240
What is the greatest common divisor of 56 and 3856?
8
What is the greatest common divisor of 31680 and 4136?
88
What is the highest common factor of 5609 and 4108?
79
Calculate the greatest common factor of 65 and 651295.
5
Calculate the greatest common divisor of 123696 and 32.
16
Calculate the greatest common divisor of 8339 and 247480.
269
Calculate the greatest common divisor of 8 and 618960.
8
What is the greatest common divisor of 793 and 283223?
61
Calculate the greatest common factor of 51128 and 64.
8
Calculate the greatest common divisor of 8879 and 52.
13
Calculate the highest common divisor of 304927 and 1372.
343
Calculate the highest common factor of 156170 and 130410.
1610
Calculate the highest common factor of 61444 and 4.
4
Calculate the greatest common divisor of 126575 and 166.
83
What is the greatest common factor of 89520 and 2160?
240
What is the greatest common factor of 1916468 and 2144?
268
Calculate the greatest common divisor of 2793 and 157878.
147
What is the highest common factor of 399880 and 130?
130
Calculate the greatest common factor of 34111 and 1859.
11
Calculate the greatest common factor of 14 and 474838.
14
Calculate the highest common divisor of 53100 and 12825.
225
What is the greatest common factor of 52903 and 2?
1
Calculate the highest common factor of 6191 and 328.
41
Calculate the greatest common divisor of 4920 and 34030.
410
Calculate the highest common divisor of 135388 and 308.
44
What is the highest common factor of 75 and 30025?
25
Calculate the greatest common factor of 206011 and 2756.
689
Calculate the greatest common factor of 145410 and 1665.
555
What is the highest common factor of 4235 and 2299?
121
Calculate the greatest common divisor of 4257 and 95159.
43
Calculate the highest common factor of 265 and 6598235.
265
What is the greatest common factor of 1119 and 102202?
373
Calculate the highest common factor of 1097244 and 2088.
1044
Calculate the greatest common factor of 3290 and 114660.
70
What is the highest common divisor of 571 and 369437?
571
What is the highest common factor of 1568 and 6816?
32
Calculate the greatest common divisor of 980 and 117740.
140
What is the highest common factor of 19640 and 30?
10
Calculate the highest common factor of 92 and 22954.
46
Calculate the greatest common divisor of 1308 and 2364.
12
Calculate the highest common factor of 22086 a